{"id":2,"date":"2013-01-07T11:31:16","date_gmt":"2013-01-07T11:31:16","guid":{"rendered":"https:\/\/dsav.net\/web\/?page_id=2"},"modified":"2026-01-07T10:08:20","modified_gmt":"2026-01-07T09:08:20","slug":"pagina-ejemplo","status":"publish","type":"page","link":"https:\/\/dsav.net\/","title":{"rendered":"DSA LES DA LA BIENVENIDA"},"content":{"rendered":"<p><a href=\"https:\/\/dsav.net\/wp-content\/uploads\/2013\/01\/Seguridad-Inform\u00e1tica-Optical-Networks-foto-1-2.jpg\"><img loading=\"lazy\" decoding=\"async\" class=\"wp-image-1054 size-medium alignleft colorbox-2\" src=\"https:\/\/dsav.net\/wp-content\/uploads\/2013\/01\/Seguridad-Inform\u00e1tica-Optical-Networks-foto-1-2-300x225.jpg\" alt=\"\" width=\"300\" height=\"225\" srcset=\"https:\/\/dsav.net\/wp-content\/uploads\/2013\/01\/Seguridad-Inform\u00e1tica-Optical-Networks-foto-1-2-300x225.jpg 300w, https:\/\/dsav.net\/wp-content\/uploads\/2013\/01\/Seguridad-Inform\u00e1tica-Optical-Networks-foto-1-2.jpg 1024w\" sizes=\"auto, (max-width: 300px) 100vw, 300px\" \/><\/a><\/p>\n<p style=\"text-align: justify;\">En esta web encontrar\u00e1 toda la informaci\u00f3n sobre nuestros productos y servicios.<\/p>\n<p style=\"text-align: justify;\">Dir\u00edjase a nosotros a trav\u00e9s del tel\u00e9fono o el email que encontrar\u00e1 en la secci\u00f3n \u00abContacto\u00bb.<\/p>\n<p style=\"text-align: justify;\">Nos puede seguir en las redes sociales:<\/p>\n<p style=\"text-align: justify;\"><a href=\"https:\/\/www.facebook.com\/pages\/DSA\/1410112149291558\" target=\"_blank\" rel=\"noopener noreferrer\">Facebook<\/a><\/p>\n<p style=\"text-align: justify;\"><a href=\"https:\/\/twitter.com\/dsa_dsav\" target=\"_blank\" rel=\"noopener noreferrer\">Twitter<\/a><\/p>\n<p style=\"text-align: justify;\"><a href=\"https:\/\/www.linkedin.com\/company\/5043221?trk=tyah&amp;trkInfo=idx%3A2-1-2%2CtarId%3A1425039906657%2Ctas%3Adsa+distri\" target=\"_blank\" rel=\"noopener noreferrer\">LinkedIn<\/a><\/p>\n<h2><\/h2>\n<h3><\/h3>\n","protected":false},"excerpt":{"rendered":"<p>En esta web encontrar\u00e1 toda la informaci\u00f3n sobre nuestros productos y servicios. Dir\u00edjase a nosotros a trav\u00e9s del tel\u00e9fono o el email que encontrar\u00e1 en la secci\u00f3n \u00abContacto\u00bb. Nos puede seguir en las redes sociales: Facebook Twitter LinkedIn<\/p>\n","protected":false},"author":3,"featured_media":0,"parent":0,"menu_order":0,"comment_status":"open","ping_status":"open","template":"","meta":{"footnotes":""},"class_list":["post-2","page","type-page","status-publish","hentry","nodate"],"aioseo_notices":[],"_links":{"self":[{"href":"https:\/\/dsav.net\/index.php\/wp-json\/wp\/v2\/pages\/2","targetHints":{"allow":["GET"]}}],"collection":[{"href":"https:\/\/dsav.net\/index.php\/wp-json\/wp\/v2\/pages"}],"about":[{"href":"https:\/\/dsav.net\/index.php\/wp-json\/wp\/v2\/types\/page"}],"author":[{"embeddable":true,"href":"https:\/\/dsav.net\/index.php\/wp-json\/wp\/v2\/users\/3"}],"replies":[{"embeddable":true,"href":"https:\/\/dsav.net\/index.php\/wp-json\/wp\/v2\/comments?post=2"}],"version-history":[{"count":0,"href":"https:\/\/dsav.net\/index.php\/wp-json\/wp\/v2\/pages\/2\/revisions"}],"wp:attachment":[{"href":"https:\/\/dsav.net\/index.php\/wp-json\/wp\/v2\/media?parent=2"}],"curies":[{"name":"wp","href":"https:\/\/api.w.org\/{rel}","templated":true}]}}